4 = 4*n. Calculate the remainder when 994 is divided by r.
44
Let p(t) = -t**3 + 4*t**2 + t + 4. Let n be 2/(((-77)/(-56))/(-11)). Let k = 77 + n. Calculate the remainder when k is divided by p(3).
13
Let m = -16195 - -16489. Calculate the remainder when m is divided by 268.
26
Let r = 10 + 48. Let b(w) = w**3 + 2*w**2 - 15*w - 2. Let n be b(-7). Let t = -130 - n. Calculate the remainder when r is divided by t.
10
Let y = -385 + 386. What is the remainder when (5/(-2*y/70))/(-1) is divided by 36?
31
Let h(i) = -i**3 - i**2 + 44*i + 199. Calculate the remainder when 241 is divided by h(-5).
4
Suppose b + 6*b = 273. What is the remainder when b is divided by 20/1*((-8)/(-5))/4?
7
Suppose 2*o - 8 = o. Calculate the remainder when (-5 + 1)/(-107 - -101 - (-284)/48) is divided by o.
0
Let g be 1 - (3 + (-1 - 6)). What is the remainder when 1128 is divided by 26*(g + 18/(-4))?
10
Suppose 15*b - 997 = -3*s + 13*b, 0 = -5*s - b + 1650. Let d = -295 + s. Calculate the remainder when 98 is divided by d.
30
Let f be 6/(252/186) - 6/14. Suppose -2*i + 3*h + 55 = 0, 5*h = f*i - 143 + 34. What is the remainder when i is divided by 9?
8
What is the remainder when 8/40*67955 + (-12)/(-3) + 4 is divided by 16?
15
Suppose 78 = -2*h + 4*a, 4*h = 11*a - 14*a - 123. What is the remainder when (-242)/h*3*2 is divided by 9?
8
Suppose -36*t = -41*t + 20. Suppose 49*o - 47*o + 21 - 185 = 0. What is the remainder when o is divided by t?
2
Let l(a) = a**2 + 18*a - 20. Let r be l(-19). Let z(x) = -18*x**3 + 2*x + 2. Let s = -137 - -223. What is the remainder when s is divided by z(r)?
14
Let y(r) = -15*r - 21. Let z(x) = -19*x + 21 + 40*x - 5*x. Let t(u) = 5*y(u) + 6*z(u). What is the remainder when t(3) is divided by 29?
26
Let o(s) = s**2 - 3*s + 3. Calculate the remainder when 205 is divided by o(7).
19
Let z(o) = 5*o + 55*o**2 - 5*o + 1. Calculate the remainder when z(-1) is divided by (-13)/(18 - -8)*-18 - (-5 - 1).
11
Let h(n) = -11*n + 12. Let r(a) = -12*a + 12. Let x(f) = -5*h(f) + 4*r(f). Let o be 3 + 1 + (16 - 18). Calculate the remainder when 5 is divided by x(o).
1
Suppose 61*i = 24*i + 24*i + 299. What is the remainder when 458 is divided by i?
21
Suppose 8*l - 34583 - 31017 = 0. Calculate the remainder when l is divided by 64.
8
Let f(z) = -20*z - 6. Let g be 52/(-14) - 2/7. Suppose 0 = -5386*s + 5355*s + 403. What is the remainder when f(g) is divided by s?
9
Suppose -5*i + 33 + 167 = 0. Let n(g) = g + 34. Let a be n(16). What is the remainder when 7760/a - (-8)/10 is divided by i?
36
Suppose 2*o + 8 = 0, i + 6 = 3*o + 59. What is the remainder when 980 is divided by i?
37
Suppose 19 = -5*g - 16. Let c(v) = v**2 + 4*v - 3. Suppose -5*p + 7*p = 104. Calculate the remainder when p is divided by c(g).
16
Let w(i) = -14*i**2 - 532*i + 47. What is the remainder when 288 is divided by w(-38)?
6
Let u(m) = 28*m + 50. Let t be u(-2). Let g(j) = 5*j + 41. Suppose -31 = 5*a - 186. Calculate the remainder when a is divided by g(t).
9
Suppose -3*d + 53 + 37 = 5*i, 5*d - 70 = -3*i. Suppose 222 = -i*b + 17*b. What is the remainder when b is divided by 14?
13
Let t be (-4)/(-176)*11 + (-2394)/8. Let v = -159 - t. What is the remainder when v is divided by 36?
32
Suppose 13*b + 480 = 25*b. Let a = 174 + -119. Let r = a - b. Calculate the remainder when 42 is divided by r.
12
Suppose 21 = -131*k + 134*k. Calculate the remainder when 30 is divided by (k/(-3) - 2)/(1/(-3)).
4
Calculate the remainder when (10 + 0)/(4/38) is divided by -20*(-24)/(-288)*-12.
15
Let y = -3553 + 7786. Calculate the remainder when y is divided by 19.
15
Let n = 64 + -47. Suppose 4*m - 46 = 5*s, 0 = 5*m + 3*s - 26 - 13. Let q = m - -23. Calculate the remainder when q is divided by n.
15
Let u(g) = -g**3 + 16*g**2 + 23*g + 8. Suppose -101*y + 98*y = -51. Calculate the remainder when u(y) is divided by 19.
15
Suppose -s = -3*t - 288 + 26, 2*t + 4*s = -184. Let v = 195 + t. Suppose 25 = a - v. What is the remainder when a is divided by 34?
30
Suppose 0 + 0 = 25*j. Suppose 0*b + 4*b - 44 = j. What is the remainder when 41 is divided by b?
8
Let w = 539 - 363. Let c = w - 165. Calculate the remainder when 19 is divided by c.
8
Let t(z) = 28*z + 1712. Calculate the remainder when t(-27) is divided by 28.
4
Suppose -18*m + 390 = -8*m. What is the remainder when (3 - 2)*m - -4 is divided by 31?
12
Calculate the remainder when (-40658)/(-18) - 15/54*220/(-275) is divided by 119.
117
Suppose -4*r + 5*k + 6 = 0, -3*r = r + 3*k + 10. Calculate the remainder when ((-10)/(-15) - (-548)/6) + r is divided by 23.
22
What is the remainder when 170 is divided by ((-42)/28*12/(-45))/(8/920)?
32
Calculate the remainder when 0 - (4 - (-18)/(-6) - 89) is divided by 7 + -1*1*0.
4
Suppose -10*s = s - 891. Let g(w) be the first derivative of -w**4 - w**3 - w**2/2 - w - 3. Calculate the remainder when s is divided by g(-2).
18
Let j(b) = 119 + 141 - 308 + 10*b. Calculate the remainder when j(10) is divided by (2 + 3 - 2)*3.
7
Let f be 1*((-1)/(-2))/(12/(-72)). Let m(k) = k**3 + 7*k**2 + 9*k + 22. What is the remainder when 112 is divided by m(f)?
19
Calculate the remainder when 135 is divided by -3*2/9*2871/(-66).
19
Suppose -8*a - 2*g = -12*a + 100, 3*g - 66 = -3*a. Suppose -2*j - 16 - 2 = 0. Let q = a + j. What is the remainder when 27 is divided by q?
12
Let c(r) = -2*r**3 + 17*r**2 + 5*r + 361. What is the remainder when c(0) is divided by 128?
105
Let b = -59 + 114. Let x(w) = -w**2 + 5*w + 21. Let r be x(-5). Let v(n) = n**3 + 30*n**2 + 20*n + 11. Calculate the remainder when v(r) is divided by b.
52
Let d(g) = 10*g + 15. Let f be d(-5). Let h = -7 - f. Suppose -2 + h = b. What is the remainder when 101 is divided by b?
23
Calculate the remainder when 1532 is divided by (8/6*-8)/(12/(-72)).
60
Let j(x) = 6*x**3 - 2*x**2 + x + 2. Let c be j(3). Let m = c - 63. Calculate the remainder when m is divided by (3248/(-48))/(42/(-18)).
28
Let c be (-4)/(-3) - 6/(-9). Suppose 2*r - 4*q = 0, r - q = c + 2. Suppose r = 4*g - 3*g. What is the remainder when 15 is divided by g?
7
Suppose 3*x - 871 = 5*y - 2433, 5*y = -4*x + 1534. Calculate the remainder when y is divided by 78.
76
Let t = -45 - -54. Suppose -96 - 129 = -3*w. Calculate the remainder when w is divided by t.
3
Let t = 7938 + -7803. What is the remainder when 4046 is divided by t?
131
Let k(p) = p**2 + 6*p - 6. Let a be k(-7). Let v(m) = 6488 + 14*m**2 - 6488 - m. What is the remainder when v(a) is divided by 7?
6
Let b(p) = p - 1. Let v(a) = -a - 65. Let z(g) = -2*b(g) - v(g). What is the remainder when z(-15) is divided by 44?
38
Let v(h) = 6*h - 60. Let z be v(14). Suppose -5*f + z = -126. Calculate the remainder when 57 is divided by f.
27
Suppose -2*s + 7 = -47. Let j be 6 - (-9 - -5) - 3. Suppose -19*r + 180 = -j*r. Calculate the remainder when s is divided by r.
12
Suppose -161 = -8*h + 303. Let x = 251 - 241. Calculate the remainder when h is divided by x.
8
Suppose 3*o + 0*r + r - 386 = 0, 0 = 5*o - 2*r - 647. Let v(s) = -4*s + 5. What is the remainder when o is divided by v(-7)?
30
Suppose 1057 = 45*w - 473. Let m(b) = 166*b**3 - b + 1. What is the remainder when m(1) is divided by w?
30
Suppose 2*w - 38 = 2*d, 4*d = -18*w + 21*w - 57. Calculate the remainder when 604 is divided by w.
15
Let u = -19 + 49. Suppose 12372*z - 12373*z + 106 = 0. What is the remainder when z is divided by u?
16
Let c = -3946 - -4228. What is the remainder when 869 is divided by c?
23
Suppose 2*h - 304 - 48 = -6*t, 0 = -4*t - 24. What is the remainder when 1567 is divided by h?
15
Let x(v) = -v**3 + 11*v**2 - 8*v + 7. What is the remainder when (6 + -5)*(-13 + (-7 - -95)) is divided by x(10)?
21
Calculate the remainder when 635 + (-1)/6*858/(-143) is divided by 310.
16
Suppose 4*m + q - 21 = 6*q, -m + 4*q = -8. Suppose 4*g + 3*d + 9 - 62 = 0, m*d = -3*g + 31. What is the remainder when ((-164)/8 - -4)*-4 is divided by g?
15
Let n(f) = -216*f + 3409. Calculate the remainder when n(15) is divided by 95.
74
Let a(f) be the first derivative of -3*f**2/2 + 12*f + 185. Let g be (1 + 0)*(-6 + 1). What is the remainder when a(g) is divided by 15?
12
Calculate the remainder when 2351 is divided by ((7 - 2 - 6) + -212)/((-18)/66).
8
Let f(a) = a**2 + 7*a + 9. Let m = 10 - 17. Calculate 